 highest common divisor of 76 and 32566.
38
Calculate the highest common divisor of 6893 and 113.
113
What is the greatest common divisor of 472 and 16756?
236
Calculate the highest common factor of 3175 and 254.
127
What is the highest common divisor of 103 and 1?
1
What is the highest common divisor of 44 and 4554?
22
Calculate the highest common divisor of 20 and 620.
20
Calculate the greatest common divisor of 2758 and 98.
14
What is the highest common factor of 2988 and 36?
36
What is the highest common divisor of 14570 and 248?
62
Calculate the greatest common factor of 1197 and 63.
63
What is the highest common divisor of 4242 and 42?
42
What is the greatest common factor of 4950 and 165?
165
Calculate the highest common factor of 680 and 119.
17
What is the greatest common divisor of 473 and 11?
11
What is the greatest common divisor of 23 and 1242?
23
Calculate the greatest common factor of 319 and 11.
11
What is the highest common factor of 8 and 232?
8
Calculate the highest common divisor of 1164 and 12.
12
Calculate the greatest common divisor of 36 and 16.
4
What is the highest common divisor of 85 and 1649?
17
Calculate the greatest common divisor of 42 and 644.
14
What is the highest common divisor of 256 and 224?
32
What is the highest common divisor of 62 and 3751?
31
Calculate the greatest common factor of 275 and 1903.
11
What is the greatest common divisor of 85 and 30?
5
Calculate the greatest common factor of 928 and 841.
29
Calculate the greatest common divisor of 18 and 144.
18
What is the greatest common factor of 2 and 134?
2
Calculate the highest common factor of 1054 and 31.
31
Calculate the highest common divisor of 11436 and 12.
12
What is the greatest common factor of 229 and 3664?
229
What is the greatest common divisor of 4525 and 25?
25
Calculate the greatest common divisor of 19 and 95.
19
Calculate the greatest common divisor of 1363 and 116.
29
Calculate the highest common divisor of 6347 and 22.
11
What is the greatest common factor of 20184 and 24?
24
Calculate the highest common factor of 36 and 5112.
36
What is the greatest common divisor of 49072 and 16?
16
What is the highest common divisor of 234 and 52?
26
What is the highest common divisor of 112 and 416?
16
Calculate the highest common divisor of 2107 and 43.
43
Calculate the greatest common divisor of 270 and 4740.
30
Calculate the highest common factor of 58423 and 37.
37
What is the highest common factor of 36 and 96?
12
Calculate the highest common divisor of 1232 and 4.
4
Calculate the greatest common divisor of 1121 and 589.
19
Calculate the greatest common factor of 40 and 175.
5
What is the highest common factor of 1696 and 152?
8
Calculate the greatest common divisor of 320 and 460.
20
What is the greatest common factor of 80 and 180?
20
Calculate the greatest common divisor of 25 and 49425.
25
Calculate the highest common divisor of 651 and 63.
21
What is the greatest common divisor of 29 and 493?
29
Calculate the greatest common factor of 64 and 504.
8
Calculate the greatest common factor of 60 and 24.
12
What is the highest common factor of 16967 and 94?
47
Calculate the greatest common factor of 495 and 1584.
99
What is the greatest common divisor of 108 and 20?
4
Calculate the greatest common factor of 80 and 610.
10
Calculate the highest common factor of 29 and 8.
1
Calculate the greatest common divisor of 28 and 32.
4
What is the greatest common factor of 26 and 416?
26
What is the greatest common divisor of 96 and 492?
12
What is the highest common divisor of 651 and 31?
31
What is the highest common factor of 5 and 45?
5
Calculate the highest common divisor of 132 and 44.
44
Calculate the highest common divisor of 10 and 130.
10
What is the highest common factor of 71 and 1775?
71
Calculate the highest common divisor of 2440 and 854.
122
What is the highest common divisor of 105 and 255?
15
Calculate the highest common divisor of 62 and 73.
1
Calculate the highest common factor of 193 and 53461.
193
Calculate the greatest common factor of 90 and 1770.
30
Calculate the greatest common divisor of 302 and 3775.
151
Calculate the greatest common divisor of 192 and 1248.
96
What is the highest common divisor of 9 and 63?
9
What is the greatest common factor of 46455 and 285?
285
Calculate the highest common factor of 6273 and 9.
9
Calculate the greatest common factor of 6943 and 524.
131
Calculate the greatest common factor of 182 and 2639.
91
What is the greatest common divisor of 24 and 12780?
12
What is the greatest common divisor of 36 and 19692?
36
What is the greatest common factor of 20 and 3470?
10
What is the greatest common divisor of 24 and 216?
24
Calculate the greatest common divisor of 441 and 98.
49
Calculate the greatest common divisor of 288 and 126.
18
What is the highest common divisor of 10 and 30?
10
Calculate the greatest common divisor of 2304 and 180.
36
What is the greatest common factor of 145 and 15515?
145
Calculate the greatest common divisor of 672 and 108.
12
Calculate the highest common factor of 168 and 728.
56
What is the highest common divisor of 69 and 2139?
69
Calculate the highest common factor of 2708 and 4.
4
What is the greatest common divisor of 9 and 4938?
3
Calculate the highest common factor of 26 and 52.
26
Calculate the highest common factor of 4 and 484.
4
What is the greatest common factor of 28 and 6664?
28
Calculate the greatest common factor of 46 and 4.
2
What is the greatest common factor of 425 and 200?
25
What is the greatest common factor of 2738 and 222?
74
Calculate the greatest common factor of 192 and 1200.
48
Calculate the greatest common divisor of 3 and 2793.
3
Calculate the greatest common divisor of 33 and 77.
11
Calculate the greatest common factor of 273 and 462.
21
Calculate the highest common factor of 1647 and 3.
3
Calculate the greatest common factor of 366 and 18.
6
Calculate the greatest common divisor of 2562 and 42.
42
Calculate the highest common divisor of 204 and 11492.
68
What is the highest common factor of 21 and 119?
7
What is the highest common divisor of 132 and 231?
33
Calculate the greatest common factor of 108 and 3924.
36
Calculate the highest common divisor of 6685 and 28.
7
What is the highest common factor of 82 and 11234?
82
Calculate the greatest common divisor of 54 and 5364.
18
What is the greatest common factor of 35 and 215?
5
What is the highest common divisor of 900 and 396?
36
Calculate the greatest common factor of 12 and 14.
2
Calculate the highest common divisor of 18 and 26.
2
What is the greatest common factor of 26702 and 158?
158
What is the greatest common factor of 410 and 490?
10
What is the highest common divisor of 4800 and 48?
48
What is the highest common factor of 1288 and 56?
56
What is the greatest common factor of 3596 and 16?
4
What is the highest common factor of 1495 and 325?
65
What is the highest common divisor of 1947 and 33?
33
What is the greatest common divisor of 35 and 21?
7
What is the highest common divisor of 436 and 1199?
109
Calculate the highest common factor of 147 and 7.
7
Calculate the greatest common factor of 325 and 10.
5
What is the highest common divisor of 18579 and 99?
33
Calculate the highest common divisor of 752 and 112.
16
Calculate the highest common divisor of 48248 and 296.
296
Calculate the highest common divisor of 7 and 22.
1
Calculate the highest common factor of 282 and 376.
94
What is the highest common factor of 540 and 140?
20
What is the highest common factor of 152 and 23332?
76
Calculate the greatest common factor of 151 and 4681.
151
What is the highest common factor of 108 and 32?
4
What is the greatest common factor of 285 and 30?
15
Calculate the highest common divisor of 60 and 15.
15
Calculate the highest common divisor of 5060 and 260.
20
Calculate the greatest common factor of 44 and 31086.
22
What is the highest common divisor of 414 and 15111?
207
What is the greatest common divisor of 1501 and 395?
79
Calculate the greatest common factor of 3008 and 192.
64
What is the highest common divisor of 28 and 8813?
7
Calculate the greatest common divisor of 4608 and 128.
128
Calculate the greatest common factor of 1629 and 45.
9
What is the greatest common factor of